pose z = -5*n + 60 + 435. What is the greatest common factor of n and 11?
11
Let n(v) = -2*v**2 + 2*v - 1. Let i be n(1). Let x be 120/10 + i*2. Calculate the greatest common divisor of 40 and x.
10
Let h(f) = -4 + f - f**2 + 3*f**2 + 2 + 1. Let q be h(2). Calculate the highest common divisor of q and 99.
9
Suppose -l - l = 0. Suppose 11 = 2*s - 3*d, -5*s - 2*d + l*d = -56. Let v be (24/s)/((-6)/(-15)). Calculate the highest common factor of v and 9.
3
Let d be (-4)/14 - 176/(-28). Let z(p) = p - 3 + 5 + 4 + d. Let k be z(-5). Calculate the greatest common divisor of 21 and k.
7
Let z(l) = -l**2 + 35*l - 78. Let c be z(32). Calculate the highest common factor of c and 27.
9
Let y be ((-63)/36)/(1/(-8)). Suppose 2*l + 38 = 4*d, 5*d + 3*l + l = 15. Calculate the highest common divisor of y and d.
7
Suppose 4*y - 69 - 3 = 0. What is the highest common factor of y and 45?
9
Let i be 3/((-7)/30*99/(-616)). What is the greatest common factor of i and 48?
16
Let t(u) = u + 16. Let m be t(0). Let h = -12 - -18. Let o be 4/((-5)/h + 1). What is the greatest common divisor of m and o?
8
Let p(c) = -8*c. Let z be p(-2). Let k(v) = 4*v**2 - 12*v + 16. Let s be k(8). What is the greatest common factor of z and s?
16
Let j be (3 - -3) + 1 - 3. Suppose 0*q - 66 = -2*p - q, -2*p - 5*q = -74. Calculate the greatest common divisor of j and p.
4
Suppose 2*s = -0*s + 42. Suppose 0 = c - 0*c + 6. Let a(t) = 5*t**2 - t + 3. Let b be a(c). Calculate the greatest common factor of b and s.
21
Suppose 1 + 1 = -j. Let i be (-20)/j + 0/(-2). Let l(q) = 6*q - 6. Let t be l(6). Calculate the highest common divisor of t and i.
10
Let f = 36 - 26. Calculate the highest common divisor of f and 25.
5
Suppose -3*j = 2*l - 44, -2*j = 5*l - 25 - 19. Calculate the greatest common divisor of 16 and j.
4
Suppose -5*f = -0*f - 30. Suppose 26 - f = 2*k. Suppose -3*l + 38 = 8*d - 3*d, 2*l = 5*d - 58. What is the greatest common factor of d and k?
10
Suppose -240 = b + 4*v, 5*b + 655 = -5*v - 545. Let r = -335 + 186. Let o = r - b. What is the greatest common factor of 13 and o?
13
Let t = 389 - 92. What is the greatest common factor of t and 33?
33
Suppose -4*q + 2 + 30 = 0. Suppose 0 = 4*s - q - 0. What is the greatest common factor of s and 2?
2
Let z be 8/14 - (-192)/7. What is the highest common divisor of 7 and z?
7
Let d be (-24)/(-16)*16/3. Suppose 4*u - 12 = 2*t, -4*u + d = -t - 8. What is the highest common factor of t and 12?
4
Suppose -10 + 33 = 2*w + 5*r, 2*w = 5*r - 7. Let d be 44/(-3)*(-6)/w. Suppose 6*k = k + 10. Calculate the greatest common divisor of k and d.
2
Suppose n = 19 - 7. Calculate the highest common factor of n and 8.
4
Suppose -2 = -11*i + 9*i. Let s(d) = 37*d**3 + d**2 + 1 + 0 - d + 39*d**3. Let j be s(i). Calculate the highest common factor of 7 and j.
7
Let s(l) = -6*l + 28. Let p be s(0). Calculate the highest common factor of 28 and p.
28
Suppose 156 = 5*w - 19. Let x be 4/(-6)*-3 + 3. Let b(z) = -z**2 + 6*z + 2. Let m be b(x). Calculate the greatest common factor of m and w.
7
Let p be -3 - -3*7*1. Calculate the highest common divisor of 6 and p.
6
Let v(x) = x**3 - 21*x**2 + 21*x - 11. Let d be v(20). What is the highest common divisor of 99 and d?
9
Let x(h) = 3*h**2 - 6*h - 3. Let j be x(5). Let l(s) = s + 3. Let w be l(0). Suppose 17 - w = v. What is the highest common divisor of j and v?
14
Let i = 127 - 87. Suppose 2*d + y = 6 + 19, 3*d - 25 = y. Calculate the highest common factor of d and i.
10
Let r(v) = -v - 4. Let h be r(-3). Let l = h - -6. What is the highest common factor of 35 and l?
5
Suppose -2*m - 28 = -5*r, 10*r - 8 = -3*m + 5*r. Let d be 185/15 - m/6. Calculate the highest common divisor of d and 26.
13
Let f(u) = -14*u**2 - 3*u - 3. Let y(g) = 2 - 3 - 1 + 3. Let b(s) = -f(s) - 2*y(s). Let k be b(-2). Calculate the greatest common divisor of k and 34.
17
Let i(m) = 2*m**3 - 3*m**2 - 3*m - 2. Let f be i(3). Suppose -64 = 5*q - 9*q. Calculate the highest common factor of q and f.
16
Let r(u) = u**2 + 5*u + 5. Let z be r(-5). Let a be 1 - -1 - (-30)/z. Calculate the greatest common divisor of 64 and a.
8
Let o be 3/(-9) - (-85)/3. What is the greatest common factor of 196 and o?
28
Let g(o) = -o**3 + 3*o + 3 + 0*o + 0 - 2*o**2. Suppose 2*y = 3 - 9. Let x be g(y). What is the greatest common factor of x and 1?
1
Suppose n - 4 + 3 = 0. Let k be 23 + (-4*n)/2. Let z(x) = 4*x - 22. Let o be z(9). What is the highest common factor of k and o?
7
Let w(v) = -v**2 + 25*v - 38. Let o be w(23). What is the greatest common divisor of 40 and o?
8
Suppose 0 = -6*o - 0*o + 78. Let g(k) = 1 - 25*k + 2 - 2. Let a be g(-1). What is the greatest common divisor of a and o?
13
Let v = 0 + 3. Suppose -b + v*b - 2*q - 12 = 0, 0 = -4*q + 8. Suppose -5*w + 5 + 5 = 0. Calculate the greatest common factor of b and w.
2
Let v be (-15)/(-5)*31/3. What is the greatest common factor of v and 279?
31
Let h(p) = 0*p - 3*p - 4 + 5*p. Let n be h(3). Let x be n/6 + (-249)/(-9). What is the greatest common divisor of x and 4?
4
Suppose -z - 4*z = -490. Calculate the highest common factor of z and 14.
14
Let x(d) = -3*d + 1. Let h(f) = 5*f - 1. Let k(l) = -2*h(l) - 5*x(l). Let r be k(2). Suppose -u = 3 - 38. What is the highest common divisor of r and u?
7
Suppose 0 = 4*y - 5*z + 372, y - 5*y - 2*z - 344 = 0. Let o = 153 + y. Let b = 23 + -10. Calculate the greatest common factor of o and b.
13
Let x(y) = -y**3 - 9*y**2. Let b be x(-9). Suppose -24 = -3*s - 5*z, b*s + 2*s = -z + 9. What is the greatest common factor of s and 33?
3
Let c(g) = -g**2 + 30*g + 15. Let i be c(26). What is the highest common factor of 34 and i?
17
Suppose -21*s - 264 = -25*s. Let k(u) = 12*u - 4. Let z be k(4). Calculate the greatest common divisor of z and s.
22
Suppose -n - 4 = -15. Let z be ((-16)/6)/((-6)/99). What is the highest common factor of n and z?
11
Suppose 20 = 2*x + 3*x. Suppose j + x*b - 24 = -j, 0 = -5*b. What is the highest common divisor of 30 and j?
6
Suppose -8*r = -3*r. Suppose r = 2*l + l - 561. What is the highest common divisor of 17 and l?
17
Suppose 479 = 3*m - 145. What is the greatest common divisor of 26 and m?
26
Let g(k) = k**2 + 4*k + 3. Let w be g(-4). Let t be (-9 + 54)*8/w. What is the highest common divisor of t and 24?
24
Let p = -8 - -12. Suppose 4*m - 17 = 15. What is the greatest common divisor of m and p?
4
Let p be (297/12)/(3/16). What is the highest common factor of p and 12?
12
Let j(r) = 66*r - 2. Let m be j(1). Suppose 3*s = 5*u - s - 36, 2*s = 4*u - 30. Calculate the highest common factor of u and m.
8
Suppose 0 = 3*h - 5*y - 2 - 18, -2*y = -4. Calculate the greatest common divisor of h and 130.
10
Suppose -2*b = 26 - 152. Suppose -11*z = -3*z - 168. What is the greatest common divisor of z and b?
21
Let d = 0 - -3. Suppose -d*y = 23 - 464. Calculate the greatest common divisor of y and 21.
21
Suppose -d + 2*d - 240 = 0. Suppose 5*q + 0*q - d = 0. Let v = 28 + -12. Calculate the greatest common factor of q and v.
16
Suppose 3 = 5*j - 12. Calculate the highest common divisor of 12 and j.
3
Suppose 0 = 2*q - p - 4*p - 100, -84 = -2*q - 3*p. Calculate the highest common factor of q and 5.
5
Suppose -2*u + 6 = -0. Suppose 0 = -u*w + 2*w - 7. Let s(z) = -z**3 - 6*z**2 + 2*z - 10. Let f be s(w). What is the greatest common factor of f and 10?
5
Let b = -10 - -12. Let o = b - -2. Calculate the highest common divisor of o and 44.
4
Let r = 188 - 48. Suppose -r = -5*a + 60. Let g(z) = -9*z - 2. Let t be g(-2). What is the greatest common divisor of a and t?
8
Let m = -38 + 89. What is the greatest common factor of 17 and m?
17
Suppose 4*b - 144 = -2*p, -2*p - 48 = 3*b - 196. Calculate the greatest common factor of p and 10.
10
Suppose -4*i + 7 + 5 = 0. Suppose -36 = i*b - 4*b. Calculate the highest common factor of 12 and b.
12
Suppose 0 = x - 2*x + 11. Suppose -3*p = -707 + 56. Let u = p + -96. What is the highest common divisor of u and x?
11
Let s be ((-10)/8)/((-4)/16). What is the greatest common factor of 20 and s?
5
Let k be 592/12 + -6 + 4/6. Calculate the highest common divisor of 12 and k.
4
Let z(p) = -p**2 - 7*p - 4. Let o be z(-5). Suppose 0 = d + 3*s - 37, 0 = 3*d - o*s + 4*s - 100. Calculate the highest common divisor of d and 17.
17
